{"id":18,"date":"2021-09-04T11:43:21","date_gmt":"2021-09-04T11:43:21","guid":{"rendered":"http:\/\/longgene.com.tr\/?page_id=18"},"modified":"2025-05-30T12:52:20","modified_gmt":"2025-05-30T12:52:20","slug":"home","status":"publish","type":"page","link":"https:\/\/longgene.com.tr\/","title":{"rendered":"Home"},"content":{"rendered":"\n<div class=\"wp-block-cover alignfull\" style=\"min-height:700px\"><img loading=\"lazy\" width=\"1042\" height=\"593\" class=\"wp-block-cover__image-background wp-image-742\" alt=\"\" src=\"https:\/\/longgene.com.tr\/wp-content\/uploads\/2021\/10\/1-2.png\" data-object-fit=\"cover\" srcset=\"https:\/\/longgene.com.tr\/wp-content\/uploads\/2021\/10\/1-2.png 1042w, https:\/\/longgene.com.tr\/wp-content\/uploads\/2021\/10\/1-2-300x171.png 300w, https:\/\/longgene.com.tr\/wp-content\/uploads\/2021\/10\/1-2-1024x583.png 1024w, https:\/\/longgene.com.tr\/wp-content\/uploads\/2021\/10\/1-2-768x437.png 768w, https:\/\/longgene.com.tr\/wp-content\/uploads\/2021\/10\/1-2-1000x569.png 1000w, https:\/\/longgene.com.tr\/wp-content\/uploads\/2021\/10\/1-2-984x560.png 984w, https:\/\/longgene.com.tr\/wp-content\/uploads\/2021\/10\/1-2-600x341.png 600w\" sizes=\"(max-width: 1042px) 100vw, 1042px\" \/><div class=\"wp-block-cover__inner-container\">\n<h1 class=\"has-text-align-center has-text-color\" style=\"color:#121212\">How To Get Perfect Amplification Curves<\/h1>\n\n\n\n<p class=\"has-text-align-center has-text-color\" style=\"color:#121212;font-size:17px\">Below instructions will help you to get clear and correct signal curves to be able to evaluate your results easily. <\/p>\n\n\n\n<div class=\"wp-block-buttons is-content-justification-center\">\n<div class=\"wp-block-button has-custom-width wp-block-button__width-25 has-custom-font-size is-style-primary\" style=\"font-size:12px\"><a class=\"wp-block-button__link\" href=\"http:\/\/longgene.com.tr\/documents\/LongGene_Instructions_Kit.pdf\" target=\"_blank\" rel=\"noreferrer noopener\">TIPS FOR SAMPLE PREP<\/a><\/div>\n\n\n\n<div class=\"wp-block-button has-custom-width wp-block-button__width-25 has-custom-font-size is-style-primary\" style=\"font-size:12px\"><a class=\"wp-block-button__link\" href=\"http:\/\/longgene.com.tr\/documents\/LongGene_Instructions_Instrument.pdf\" target=\"_blank\" rel=\"noreferrer noopener\">TIPS FOR INSTRUMENT <\/a><\/div>\n\n\n\n<div class=\"wp-block-button has-custom-width wp-block-button__width-25 has-custom-font-size is-style-primary is-style-fill\" style=\"font-size:12px\"><a class=\"wp-block-button__link\" href=\"http:\/\/longgene.com.tr\/documents\/LongGene_Instructions_Optimal.pdf\" target=\"_blank\" rel=\"noreferrer noopener\">TIPS FOR SOFTWARE <\/a><\/div>\n<\/div>\n\n\n\n<div style=\"height:80px\" aria-hidden=\"true\" class=\"wp-block-spacer\"><\/div>\n\n\n\n<p><\/p>\n<\/div><\/div>\n\n\n\n<h2 class=\"has-text-align-center\">PCR and Real Time PCR Instruments &amp; Disposables<\/h2>\n\n\n\n<hr class=\"wp-block-separator is-style-wide\"\/>\n\n\n\n<figure class=\"wp-block-image size-large\"><img loading=\"lazy\" width=\"1024\" height=\"968\" src=\"https:\/\/longgene.com.tr\/wp-content\/uploads\/2025\/05\/LongGene_QT30-1024x968.png\" alt=\"\" class=\"wp-image-1016\" srcset=\"https:\/\/longgene.com.tr\/wp-content\/uploads\/2025\/05\/LongGene_QT30-1024x968.png 1024w, https:\/\/longgene.com.tr\/wp-content\/uploads\/2025\/05\/LongGene_QT30-300x284.png 300w, https:\/\/longgene.com.tr\/wp-content\/uploads\/2025\/05\/LongGene_QT30-768x726.png 768w, https:\/\/longgene.com.tr\/wp-content\/uploads\/2025\/05\/LongGene_QT30-1536x1453.png 1536w, https:\/\/longgene.com.tr\/wp-content\/uploads\/2025\/05\/LongGene_QT30-2048x1937.png 2048w, https:\/\/longgene.com.tr\/wp-content\/uploads\/2025\/05\/LongGene_QT30-2000x1891.png 2000w, https:\/\/longgene.com.tr\/wp-content\/uploads\/2025\/05\/LongGene_QT30-1000x946.png 1000w, https:\/\/longgene.com.tr\/wp-content\/uploads\/2025\/05\/LongGene_QT30-1800x1702.png 1800w, https:\/\/longgene.com.tr\/wp-content\/uploads\/2025\/05\/LongGene_QT30-592x560.png 592w, https:\/\/longgene.com.tr\/wp-content\/uploads\/2025\/05\/LongGene_QT30-600x567.png 600w\" sizes=\"(max-width: 1024px) 100vw, 1024px\" \/><\/figure>\n\n\n\n<blockquote class=\"wp-block-quote\"><p>NEW PRODUCT (QT30 Series)<\/p><cite>Gradient blocks that can run 3 different protocols simultaneously, HRM and more.. <\/cite><\/blockquote>\n\n\n\n<figure class=\"wp-block-gallery columns-4 is-cropped\"><ul class=\"blocks-gallery-grid\"><li class=\"blocks-gallery-item\"><figure><img loading=\"lazy\" width=\"732\" height=\"686\" src=\"https:\/\/longgene.com.tr\/wp-content\/uploads\/2021\/09\/LongGene_Q2000-1.png\" alt=\"pcr, qpcr, rt pcr, qrt pcr, real time, real time per, thermal cycler, longgene, longGene.com.tr, ivd ce, biotechnology, LongGene europe, europe pcr, disgnostics, snp, absolute quantification, relative quantification, dna, cdna, thermal protocol, LongGene, long gene, end point pcr, covid19, fast pcr, polymerase chain reaction, A300, thermal cycler pcr, thermal cycler, \u0131s\u0131sal d\u00f6ng\u00fc, T20, T30, optimal, pzr\" data-id=\"265\" data-full-url=\"https:\/\/longgene.com.tr\/wp-content\/uploads\/2021\/09\/LongGene_Q2000-1.png\" data-link=\"https:\/\/longgene.com.tr\/?attachment_id=265\" class=\"wp-image-265\" srcset=\"https:\/\/longgene.com.tr\/wp-content\/uploads\/2021\/09\/LongGene_Q2000-1.png 732w, https:\/\/longgene.com.tr\/wp-content\/uploads\/2021\/09\/LongGene_Q2000-1-300x281.png 300w\" sizes=\"(max-width: 732px) 100vw, 732px\" \/><figcaption class=\"blocks-gallery-item__caption\"><a href=\"https:\/\/longgene.com.tr\/?page_id=211\" data-type=\"page\" data-id=\"211\">Real Time PCR (96 Well)<\/a><\/figcaption><\/figure><\/li><li class=\"blocks-gallery-item\"><figure><img loading=\"lazy\" width=\"692\" height=\"670\" src=\"https:\/\/longgene.com.tr\/wp-content\/uploads\/2021\/09\/LongGene_Q1000.png\" alt=\"pcr, qpcr, rt pcr, qrt pcr, real time, real time per, thermal cycler, longgene, longGene.com.tr, ivd ce, biotechnology, LongGene europe, europe pcr, disgnostics, snp, absolute quantification, relative quantification, dna, cdna, thermal protocol, LongGene, long gene, end point pcr, covid19, fast pcr, polymerase chain reaction, A300, thermal cycler pcr, thermal cycler, \u0131s\u0131sal d\u00f6ng\u00fc, T20, T30, optimal, pzr\" data-id=\"264\" data-full-url=\"https:\/\/longgene.com.tr\/wp-content\/uploads\/2021\/09\/LongGene_Q1000.png\" data-link=\"https:\/\/longgene.com.tr\/?attachment_id=264\" class=\"wp-image-264\" srcset=\"https:\/\/longgene.com.tr\/wp-content\/uploads\/2021\/09\/LongGene_Q1000.png 692w, https:\/\/longgene.com.tr\/wp-content\/uploads\/2021\/09\/LongGene_Q1000-300x290.png 300w\" sizes=\"(max-width: 692px) 100vw, 692px\" \/><figcaption class=\"blocks-gallery-item__caption\"><a href=\"https:\/\/longgene.com.tr\/?page_id=222\" data-type=\"page\" data-id=\"222\">Real Time PCR (48 Well)<\/a><\/figcaption><\/figure><\/li><li class=\"blocks-gallery-item\"><figure><img loading=\"lazy\" width=\"866\" height=\"742\" src=\"https:\/\/longgene.com.tr\/wp-content\/uploads\/2021\/09\/LongGene_Q160.png\" alt=\"\" data-id=\"263\" data-full-url=\"https:\/\/longgene.com.tr\/wp-content\/uploads\/2021\/09\/LongGene_Q160.png\" data-link=\"https:\/\/longgene.com.tr\/?attachment_id=263\" class=\"wp-image-263\" srcset=\"https:\/\/longgene.com.tr\/wp-content\/uploads\/2021\/09\/LongGene_Q160.png 866w, https:\/\/longgene.com.tr\/wp-content\/uploads\/2021\/09\/LongGene_Q160-300x257.png 300w, https:\/\/longgene.com.tr\/wp-content\/uploads\/2021\/09\/LongGene_Q160-768x658.png 768w\" sizes=\"(max-width: 866px) 100vw, 866px\" \/><figcaption class=\"blocks-gallery-item__caption\"><a href=\"https:\/\/longgene.com.tr\/?page_id=227\" data-type=\"page\" data-id=\"227\">Real Time PCR (16 Well)<\/a><\/figcaption><\/figure><\/li><li class=\"blocks-gallery-item\"><figure><img loading=\"lazy\" width=\"842\" height=\"718\" src=\"https:\/\/longgene.com.tr\/wp-content\/uploads\/2021\/09\/LongGene_T30.png\" alt=\"pcr, qpcr, rt pcr, qrt pcr, real time, real time per, thermal cycler, longgene, longGene.com.tr, ivd ce, biotechnology, LongGene europe, europe pcr, disgnostics, snp, absolute quantification, relative quantification, dna, cdna, thermal protocol, LongGene, long gene, end point pcr, covid19, fast pcr, polymerase chain reaction, A300, thermal cycler pcr, thermal cycler, \u0131s\u0131sal d\u00f6ng\u00fc, T20, T30, optimal, pzr\" data-id=\"261\" data-full-url=\"https:\/\/longgene.com.tr\/wp-content\/uploads\/2021\/09\/LongGene_T30.png\" data-link=\"https:\/\/longgene.com.tr\/?attachment_id=261\" class=\"wp-image-261\" srcset=\"https:\/\/longgene.com.tr\/wp-content\/uploads\/2021\/09\/LongGene_T30.png 842w, https:\/\/longgene.com.tr\/wp-content\/uploads\/2021\/09\/LongGene_T30-300x256.png 300w, https:\/\/longgene.com.tr\/wp-content\/uploads\/2021\/09\/LongGene_T30-768x655.png 768w\" sizes=\"(max-width: 842px) 100vw, 842px\" \/><figcaption class=\"blocks-gallery-item__caption\"><a href=\"https:\/\/longgene.com.tr\/?page_id=279\" data-type=\"page\" data-id=\"279\">T30 Thermal Cycler<\/a><\/figcaption><\/figure><\/li><li class=\"blocks-gallery-item\"><figure><img loading=\"lazy\" width=\"812\" height=\"710\" src=\"https:\/\/longgene.com.tr\/wp-content\/uploads\/2021\/09\/LongGene_T20.png\" alt=\"pcr, qpcr, rt pcr, qrt pcr, real time, real time per, thermal cycler, longgene, longGene.com.tr, ivd ce, biotechnology, LongGene europe, europe pcr, disgnostics, snp, absolute quantification, relative quantification, dna, cdna, thermal protocol, LongGene, long gene, end point pcr, covid19, fast pcr, polymerase chain reaction, A300, thermal cycler pcr, thermal cycler, \u0131s\u0131sal d\u00f6ng\u00fc, T20, T30, optimal, pzr\" data-id=\"260\" data-full-url=\"https:\/\/longgene.com.tr\/wp-content\/uploads\/2021\/09\/LongGene_T20.png\" data-link=\"https:\/\/longgene.com.tr\/?attachment_id=260\" class=\"wp-image-260\" srcset=\"https:\/\/longgene.com.tr\/wp-content\/uploads\/2021\/09\/LongGene_T20.png 812w, https:\/\/longgene.com.tr\/wp-content\/uploads\/2021\/09\/LongGene_T20-300x262.png 300w, https:\/\/longgene.com.tr\/wp-content\/uploads\/2021\/09\/LongGene_T20-768x672.png 768w\" sizes=\"(max-width: 812px) 100vw, 812px\" \/><figcaption class=\"blocks-gallery-item__caption\"><a href=\"https:\/\/longgene.com.tr\/?page_id=276\" data-type=\"page\" data-id=\"276\">T20 Thermal Cycler<\/a><\/figcaption><\/figure><\/li><li class=\"blocks-gallery-item\"><figure><img loading=\"lazy\" width=\"854\" height=\"892\" src=\"https:\/\/longgene.com.tr\/wp-content\/uploads\/2021\/09\/LongGene_A300.png\" alt=\"pcr, qpcr, rt pcr, qrt pcr, real time, real time per, thermal cycler, longgene, longGene.com.tr, ivd ce, biotechnology, LongGene europe, europe pcr, disgnostics, snp, absolute quantification, relative quantification, dna, cdna, thermal protocol, LongGene, long gene, end point pcr, covid19, fast pcr, polymerase chain reaction, A300, thermal cycler pcr, thermal cycler, \u0131s\u0131sal d\u00f6ng\u00fc, T20, T30, optimal, pzr\" data-id=\"259\" data-full-url=\"https:\/\/longgene.com.tr\/wp-content\/uploads\/2021\/09\/LongGene_A300.png\" data-link=\"https:\/\/longgene.com.tr\/?attachment_id=259\" class=\"wp-image-259\" srcset=\"https:\/\/longgene.com.tr\/wp-content\/uploads\/2021\/09\/LongGene_A300.png 854w, https:\/\/longgene.com.tr\/wp-content\/uploads\/2021\/09\/LongGene_A300-287x300.png 287w, https:\/\/longgene.com.tr\/wp-content\/uploads\/2021\/09\/LongGene_A300-768x802.png 768w\" sizes=\"(max-width: 854px) 100vw, 854px\" \/><figcaption class=\"blocks-gallery-item__caption\"><a href=\"https:\/\/longgene.com.tr\/?page_id=273\" data-type=\"page\" data-id=\"273\">A300 Thermal Cycler<\/a><\/figcaption><\/figure><\/li><li class=\"blocks-gallery-item\"><figure><img loading=\"lazy\" width=\"640\" height=\"480\" src=\"https:\/\/longgene.com.tr\/wp-content\/uploads\/2021\/09\/LongGene_LGT001.jpg\" alt=\"pcr, qpcr, rt pcr, qrt pcr, real time, real time per, thermal cycler, longgene, longGene.com.tr, ivd ce, biotechnology, LongGene europe, europe pcr, disgnostics, snp, absolute quantification, relative quantification, dna, cdna, thermal protocol, LongGene, long gene, end point pcr, covid19, fast pcr, polymerase chain reaction, Q1000, Q1000+, optimal, 0,1ml pcr tubes, strip tubes, pcr plate, 8 strip tube, pcr strip t\u00fcp\" data-id=\"189\" data-full-url=\"https:\/\/longgene.com.tr\/wp-content\/uploads\/2021\/09\/LongGene_LGT001.jpg\" data-link=\"https:\/\/longgene.com.tr\/?attachment_id=189\" class=\"wp-image-189\" srcset=\"https:\/\/longgene.com.tr\/wp-content\/uploads\/2021\/09\/LongGene_LGT001.jpg 640w, https:\/\/longgene.com.tr\/wp-content\/uploads\/2021\/09\/LongGene_LGT001-300x225.jpg 300w\" sizes=\"(max-width: 640px) 100vw, 640px\" \/><figcaption class=\"blocks-gallery-item__caption\"><a href=\"https:\/\/longgene.com.tr\/?page_id=204\" data-type=\"page\" data-id=\"204\">0.1ml 8 Strip Tubes<\/a><\/figcaption><\/figure><\/li><li class=\"blocks-gallery-item\"><figure><img loading=\"lazy\" width=\"640\" height=\"480\" src=\"https:\/\/longgene.com.tr\/wp-content\/uploads\/2021\/09\/LongGene_Plate.jpg\" alt=\"\" data-id=\"190\" data-full-url=\"https:\/\/longgene.com.tr\/wp-content\/uploads\/2021\/09\/LongGene_Plate.jpg\" data-link=\"https:\/\/longgene.com.tr\/?attachment_id=190\" class=\"wp-image-190\" srcset=\"https:\/\/longgene.com.tr\/wp-content\/uploads\/2021\/09\/LongGene_Plate.jpg 640w, https:\/\/longgene.com.tr\/wp-content\/uploads\/2021\/09\/LongGene_Plate-300x225.jpg 300w\" sizes=\"(max-width: 640px) 100vw, 640px\" \/><figcaption class=\"blocks-gallery-item__caption\"><a href=\"https:\/\/longgene.com.tr\/?page_id=204\" data-type=\"page\" data-id=\"204\">0.1ml 96 Well Plate<\/a><\/figcaption><\/figure><\/li><\/ul><\/figure>\n\n\n\n<h2 class=\"has-text-align-center\">Why LongGene RT-PCR instruments ?<\/h2>\n\n\n\n<hr class=\"wp-block-separator is-style-wide\"\/>\n\n\n\n<figure class=\"wp-block-image size-large\"><img loading=\"lazy\" width=\"1024\" height=\"315\" src=\"http:\/\/longgene.com.tr\/wp-content\/uploads\/2021\/09\/longgene_references-1024x315.png\" alt=\"pcr, qpcr, rt pcr, qrt pcr, real time, real time per, thermal cycler, longgene, longGene.com.tr, ivd ce, biotechnology, LongGene europe, europe pcr, disgnostics, snp, absolute quantification, relative quantification, dna, cdna, thermal protocol, LongGene, long gene, end point pcr, covid19, fast pcr, polymerase chain reaction, Q1000, Q1000+, optimal, longgene turkey, LongGene europe\" class=\"wp-image-128\" srcset=\"https:\/\/longgene.com.tr\/wp-content\/uploads\/2021\/09\/longgene_references-1024x315.png 1024w, https:\/\/longgene.com.tr\/wp-content\/uploads\/2021\/09\/longgene_references-300x92.png 300w, https:\/\/longgene.com.tr\/wp-content\/uploads\/2021\/09\/longgene_references-768x236.png 768w, https:\/\/longgene.com.tr\/wp-content\/uploads\/2021\/09\/longgene_references-1536x472.png 1536w, https:\/\/longgene.com.tr\/wp-content\/uploads\/2021\/09\/longgene_references-2048x629.png 2048w, https:\/\/longgene.com.tr\/wp-content\/uploads\/2021\/09\/longgene_references-2000x615.png 2000w, https:\/\/longgene.com.tr\/wp-content\/uploads\/2021\/09\/longgene_references-1800x553.png 1800w\" sizes=\"(max-width: 1024px) 100vw, 1024px\" \/><\/figure>\n\n\n\n<h2 class=\"has-text-align-center\">Latest Posts<\/h2>\n\n\n\n<hr class=\"wp-block-separator is-style-wide\"\/>\n\n\n\n<div class=\"wp-block-group\"><div class=\"wp-block-group__inner-container\">\n<div class=\"wp-block-query\"><ul class=\"is-flex-container columns-3 wp-block-post-template\"><li>\n\n<div class=\"wp-container-6a0457ebbd1ca wp-block-group\" style=\"padding-top:30px;padding-right:30px;padding-bottom:30px;padding-left:30px\"><div class=\"wp-block-group__inner-container\"><h2 class=\"wp-block-post-title\"><a href=\"https:\/\/longgene.com.tr\/?p=926\" target=\"_self\" rel=\"   \">How are gene expression (Relative Quantification) studies done?<\/a><\/h2>\n\n<div class=\"wp-block-post-excerpt\"><p class=\"wp-block-post-excerpt__excerpt\">Gene expression analysis by quantitative&nbsp;reverse transcription PCR&nbsp;(qRT\u2013PCR) allows accurate quantifications of messenger RNA (mRNA) levels over different samples. Create two targets with the same SYBR DYE; Name your GENE (red) and REFERENCE gene (Green: GAPDH or Beta Actin) Use 2 (two) separate reaction tubes with the same sample name for [&hellip;] <\/p><\/div>\n\n<div class=\"wp-block-post-date\"><time datetime=\"2021-10-23T10:28:31+00:00\">October 23, 2021<\/time><\/div><\/div><\/div>\n<style>.wp-container-6a0457ebbd1ca .alignleft { float: left; margin-right: 2em; }.wp-container-6a0457ebbd1ca .alignright { float: right; margin-left: 2em; }<\/style>\n<\/li><li>\n\n<div class=\"wp-container-6a0457ebbda02 wp-block-group\" style=\"padding-top:30px;padding-right:30px;padding-bottom:30px;padding-left:30px\"><div class=\"wp-block-group__inner-container\"><h2 class=\"wp-block-post-title\"><a href=\"https:\/\/longgene.com.tr\/?p=871\" target=\"_self\" rel=\"   \">How to check the performance of the thermal gradient block?<\/a><\/h2>\n\n<div class=\"wp-block-post-excerpt\"><p class=\"wp-block-post-excerpt__excerpt\">Real time PCR instruments has two main functions; thermal block and optical module, new generation peltiers control the heating and cooling sensitivity, LED excitation source and new generation CCD cameras are stated in the optical module. So, to check the performance of a RT-PCR; you have to check the performance [&hellip;] <\/p><\/div>\n\n<div class=\"wp-block-post-date\"><time datetime=\"2021-10-16T16:26:51+00:00\">October 16, 2021<\/time><\/div><\/div><\/div>\n<style>.wp-container-6a0457ebbda02 .alignleft { float: left; margin-right: 2em; }.wp-container-6a0457ebbda02 .alignright { float: right; margin-left: 2em; }<\/style>\n<\/li><li>\n\n<div class=\"wp-container-6a0457ebbe0cd wp-block-group\" style=\"padding-top:30px;padding-right:30px;padding-bottom:30px;padding-left:30px\"><div class=\"wp-block-group__inner-container\"><h2 class=\"wp-block-post-title\"><a href=\"https:\/\/longgene.com.tr\/?p=866\" target=\"_self\" rel=\"   \">What could be the reason of poor RT-PCR results?<\/a><\/h2>\n\n<div class=\"wp-block-post-excerpt\"><p class=\"wp-block-post-excerpt__excerpt\">Achieving accurate and reliable results depends on: diagnostic kit, RNA prep solution, swap for sampling, disposables (pipette tips, strip tubes and plates for RT-PCR) and instrument.&nbsp; Possible Reasons of Poor Results; Not to store IVD kit at -20 C in a deep freezer (Please check the expiration date) To use [&hellip;] <\/p><\/div>\n\n<div class=\"wp-block-post-date\"><time datetime=\"2021-10-16T14:50:02+00:00\">October 16, 2021<\/time><\/div><\/div><\/div>\n<style>.wp-container-6a0457ebbe0cd .alignleft { float: left; margin-right: 2em; }.wp-container-6a0457ebbe0cd .alignright { float: right; margin-left: 2em; }<\/style>\n<\/li><\/ul><\/div>\n<\/div><\/div>\n\n\n\n<h2 class=\"has-text-align-center\">Videos<\/h2>\n\n\n\n<hr class=\"wp-block-separator is-style-wide\"\/>\n\n\n\n<div class=\"wp-block-columns\">\n<div class=\"wp-block-column\">\n<figure class=\"wp-block-embed is-type-video is-provider-youtube wp-block-embed-youtube wp-embed-aspect-16-9 wp-has-aspect-ratio\"><div class=\"wp-block-embed__wrapper\">\n<iframe loading=\"lazy\" title=\"LongGene Europe\" width=\"930\" height=\"523\" src=\"https:\/\/www.youtube.com\/embed\/Yc65uhAA45U?feature=oembed\" frameborder=\"0\" allow=\"accelerometer; autoplay; clipboard-write; encrypted-media; gyroscope; picture-in-picture; web-share\" referrerpolicy=\"strict-origin-when-cross-origin\" allowfullscreen><\/iframe>\n<\/div><figcaption>Run your PCR without PC<\/figcaption><\/figure>\n<\/div>\n\n\n\n<div class=\"wp-block-column\">\n<figure class=\"wp-block-embed is-type-video is-provider-youtube wp-block-embed-youtube wp-embed-aspect-16-9 wp-has-aspect-ratio\"><div class=\"wp-block-embed__wrapper\">\n<iframe loading=\"lazy\" title=\"LongGene SelfTest\" width=\"930\" height=\"523\" src=\"https:\/\/www.youtube.com\/embed\/E7b3KlkwdTU?feature=oembed\" frameborder=\"0\" allow=\"accelerometer; autoplay; clipboard-write; encrypted-media; gyroscope; picture-in-picture; web-share\" referrerpolicy=\"strict-origin-when-cross-origin\" allowfullscreen><\/iframe>\n<\/div><figcaption>SelfTest<\/figcaption><\/figure>\n<\/div>\n\n\n\n<div class=\"wp-block-column\">\n<figure class=\"wp-block-embed is-type-video is-provider-youtube wp-block-embed-youtube wp-embed-aspect-16-9 wp-has-aspect-ratio\"><div class=\"wp-block-embed__wrapper\">\n<iframe loading=\"lazy\" title=\"LongGene Upgrade\" width=\"930\" height=\"523\" src=\"https:\/\/www.youtube.com\/embed\/K3A537e8kaw?feature=oembed\" frameborder=\"0\" allow=\"accelerometer; autoplay; clipboard-write; encrypted-media; gyroscope; picture-in-picture; web-share\" referrerpolicy=\"strict-origin-when-cross-origin\" allowfullscreen><\/iframe>\n<\/div><figcaption>Upgrade your RT-PCR<\/figcaption><\/figure>\n<\/div>\n<\/div>\n","protected":false},"excerpt":{"rendered":"<p>PCR and Real Time PCR Instruments &amp; Disposables NEW PRODUCT (QT30 Series) Gradient blocks that can run 3 different protocols simultaneously, HRM and more.. Why LongGene RT-PCR instruments ? Latest Posts Videos<\/p>\n","protected":false},"author":1,"featured_media":0,"parent":0,"menu_order":0,"comment_status":"closed","ping_status":"closed","template":"","meta":[],"_links":{"self":[{"href":"https:\/\/longgene.com.tr\/index.php?rest_route=\/wp\/v2\/pages\/18"}],"collection":[{"href":"https:\/\/longgene.com.tr\/index.php?rest_route=\/wp\/v2\/pages"}],"about":[{"href":"https:\/\/longgene.com.tr\/index.php?rest_route=\/wp\/v2\/types\/page"}],"author":[{"embeddable":true,"href":"https:\/\/longgene.com.tr\/index.php?rest_route=\/wp\/v2\/users\/1"}],"replies":[{"embeddable":true,"href":"https:\/\/longgene.com.tr\/index.php?rest_route=%2Fwp%2Fv2%2Fcomments&post=18"}],"version-history":[{"count":88,"href":"https:\/\/longgene.com.tr\/index.php?rest_route=\/wp\/v2\/pages\/18\/revisions"}],"predecessor-version":[{"id":1018,"href":"https:\/\/longgene.com.tr\/index.php?rest_route=\/wp\/v2\/pages\/18\/revisions\/1018"}],"wp:attachment":[{"href":"https:\/\/longgene.com.tr\/index.php?rest_route=%2Fwp%2Fv2%2Fmedia&parent=18"}],"curies":[{"name":"wp","href":"https:\/\/api.w.org\/{rel}","templated":true}]}}